{"id":22,"date":"2016-08-03T07:12:00","date_gmt":"2016-08-03T07:12:00","guid":{"rendered":"http:\/\/majim.spiegeler.de\/?page_id=22"},"modified":"2025-12-13T08:43:13","modified_gmt":"2025-12-13T08:43:13","slug":"ueber-uns","status":"publish","type":"page","link":"https:\/\/spiegeler.de\/?page_id=22","title":{"rendered":"Impressum"},"content":{"rendered":"<p>Donald Spiegeler<br \/>Bahnhofstr. 2-B<br \/>69198 Schriesheim<br \/>Germany<\/p>\n<p>email: <br \/>1. good-news<br \/>2. danach das ensprechende Symbol f\u00fcr emails<br \/>3. danach den oben genannten Nachnahmen<br \/>4. schlie\u00dflich (.)+(de)<\/p>\n<h4>Haftungshinweis<\/h4>\n<p>F\u00fcr den Inhalt der verlinkten Seiten sind ausschlie\u00dflich deren Betreiber verantwortlich und wird daf\u00fcr von uns keine Haftung \u00fcbernommen.<\/p>\n\n\n<p><\/p>\n","protected":false},"excerpt":{"rendered":"<p>Donald SpiegelerBahnhofstr. 2-B69198 SchriesheimGermany email: 1. good-news2. danach das ensprechende Symbol f\u00fcr emails3. danach den oben genannten Nachnahmen4. schlie\u00dflich (.)+(de) Haftungshinweis F\u00fcr den Inhalt der verlinkten Seiten sind ausschlie\u00dflich deren Betreiber verantwortlich und wird daf\u00fcr von uns keine Haftung \u00fcbernommen.<\/p>\n","protected":false},"author":1,"featured_media":0,"parent":0,"menu_order":0,"comment_status":"closed","ping_status":"closed","template":"","meta":{"footnotes":""},"class_list":["post-22","page","type-page","status-publish","hentry"],"_links":{"self":[{"href":"https:\/\/spiegeler.de\/index.php?rest_route=\/wp\/v2\/pages\/22","targetHints":{"allow":["GET"]}}],"collection":[{"href":"https:\/\/spiegeler.de\/index.php?rest_route=\/wp\/v2\/pages"}],"about":[{"href":"https:\/\/spiegeler.de\/index.php?rest_route=\/wp\/v2\/types\/page"}],"author":[{"embeddable":true,"href":"https:\/\/spiegeler.de\/index.php?rest_route=\/wp\/v2\/users\/1"}],"replies":[{"embeddable":true,"href":"https:\/\/spiegeler.de\/index.php?rest_route=%2Fwp%2Fv2%2Fcomments&post=22"}],"version-history":[{"count":9,"href":"https:\/\/spiegeler.de\/index.php?rest_route=\/wp\/v2\/pages\/22\/revisions"}],"predecessor-version":[{"id":568,"href":"https:\/\/spiegeler.de\/index.php?rest_route=\/wp\/v2\/pages\/22\/revisions\/568"}],"wp:attachment":[{"href":"https:\/\/spiegeler.de\/index.php?rest_route=%2Fwp%2Fv2%2Fmedia&parent=22"}],"curies":[{"name":"wp","href":"https:\/\/api.w.org\/{rel}","templated":true}]}}